{"id":4146,"date":"2026-04-22T16:19:44","date_gmt":"2026-04-22T20:19:44","guid":{"rendered":"https:\/\/chantsdevielles.com\/?post_type=artiste&#038;p=4146"},"modified":"2026-04-24T16:24:01","modified_gmt":"2026-04-24T20:24:01","slug":"galant-tu-perds-ton-temps","status":"publish","type":"artiste","link":"https:\/\/chantsdevielles.com\/en\/artiste\/galant-tu-perds-ton-temps\/","title":{"rendered":"Galant, tu perds ton temps"},"content":{"rendered":"<p>Depuis 20\u00a0ans d\u00e9j\u00e0, les six membres de <strong>Galant, tu perds ton temps<\/strong> font succomber l\u2019auditoire \u00e0 travers le Qu\u00e9bec par leur d\u00e9marche passionn\u00e9e, leur charisme et leur \u00e9nergie contagieuse. Le groupe a vu le jour en 2003, avec pour ambition de mettre en valeur le r\u00e9pertoire de chants traditionnels f\u00e9minin, interpr\u00e9t\u00e9 \u00e0 l\u2019unisson ou en harmonie. Au fil du temps, non seulement la passion a grandi, mais aussi la rigueur au travail, le d\u00e9sir de repousser les limites de \u00ab\u00a0l\u2019a cappella\u00a0\u00bb et l\u2019amiti\u00e9, bien entendu. Alors qu\u2019ils se pr\u00e9parent \u00e0 faire para\u00eetre leur nouvel album <em>Sur le fa\u00eete<\/em> le 12\u00a0juin, le festival est des plus heureux d\u2019accueillir Jacinthe Dub\u00e9, Josianne H\u00e9bert, Evelyne G\u00e9linas, Isabelle Payette, Mia Lacroix et Louis-Simon Lemieux, de brillants ambassadeurs d\u2019un folklore vivant, vibrant et intelligent.<\/p>\n<p>SITE OFFICIEL <a href=\"https:\/\/galanttuperdstontemps.ca\/\" target=\"_blank\" rel=\"noopener\">&gt;&gt;&gt;<\/a><\/p>\n","protected":false},"featured_media":4147,"template":"","class_list":["post-4146","artiste","type-artiste","status-publish","has-post-thumbnail","hentry"],"acf":[],"_links":{"self":[{"href":"https:\/\/chantsdevielles.com\/en\/wp-json\/wp\/v2\/artiste\/4146","targetHints":{"allow":["GET"]}}],"collection":[{"href":"https:\/\/chantsdevielles.com\/en\/wp-json\/wp\/v2\/artiste"}],"about":[{"href":"https:\/\/chantsdevielles.com\/en\/wp-json\/wp\/v2\/types\/artiste"}],"wp:featuredmedia":[{"embeddable":true,"href":"https:\/\/chantsdevielles.com\/en\/wp-json\/wp\/v2\/media\/4147"}],"wp:attachment":[{"href":"https:\/\/chantsdevielles.com\/en\/wp-json\/wp\/v2\/media?parent=4146"}],"curies":[{"name":"wp","href":"https:\/\/api.w.org\/{rel}","templated":true}]}}

<p>Depuis 20 ans déjà, les six membres de <strong>Galant, tu perds ton temps</strong> font succomber l’auditoire à travers le Québec par leur démarche passionnée, leur charisme et leur énergie contagieuse. Le groupe a vu le jour en 2003, avec pour ambition de mettre en valeur le répertoire de chants traditionnels féminin, interprété à l’unisson ou en harmonie. Au fil du temps, non seulement la passion a grandi, mais aussi la rigueur au travail, le désir de repousser les limites de « l’a cappella » et l’amitié, bien entendu. Alors qu’ils se préparent à faire paraître leur nouvel album <em>Sur le faîte</em> le 12 juin, le festival est des plus heureux d’accueillir Jacinthe Dubé, Josianne Hébert, Evelyne Gélinas, Isabelle Payette, Mia Lacroix et Louis-Simon Lemieux, de brillants ambassadeurs d’un folklore vivant, vibrant et intelligent.</p>
<p>SITE OFFICIEL <a href="https://galanttuperdstontemps.ca/" target="_blank" rel="noopener">&gt;&gt;&gt;</a></p>
