{"id":3710,"date":"2026-03-31T21:29:36","date_gmt":"2026-04-01T01:29:36","guid":{"rendered":"https:\/\/chantsdevielles.com\/?post_type=stage&#038;p=3710"},"modified":"2026-03-31T21:29:36","modified_gmt":"2026-04-01T01:29:36","slug":"6-violon-et-chanson-avec-laura-cortese-fiddle-singing-by-laura-cortese","status":"publish","type":"stage","link":"https:\/\/chantsdevielles.com\/en\/stage\/6-violon-et-chanson-avec-laura-cortese-fiddle-singing-by-laura-cortese\/","title":{"rendered":"#6  Violon et chanson avec Laura Cortese  \/ Fiddle &#038; Singing by Laura Cortese"},"content":{"rendered":"<p><em>_English version below_<\/em><\/p>\n<p><b>Pr\u00e9sentation de l\u2019enseignante : <\/b><span style=\"font-weight: 400;\">Laura Cortese porte plusieurs casquettes : violoniste, chanteuse, compositrice et organisatrice. Elle a grandi \u00e0 San Francisco, en Californie, et a d\u00e9m\u00e9nag\u00e9 \u00e0 Boston, dans le Massachusetts, pour \u00e9tudier au Berklee College of Music de Boston. Apr\u00e8s avoir obtenu son dipl\u00f4me, elle a fond\u00e9 le <\/span><i><span style=\"font-weight: 400;\">Miles of Music Camp<\/span><\/i><span style=\"font-weight: 400;\"> et le <\/span><i><span style=\"font-weight: 400;\">BCMfest:\u00a0 Boston\u2019s Celtic Music Festival<\/span><\/i><span style=\"font-weight: 400;\">. Elle s&#8217;est immerg\u00e9e dans la sc\u00e8ne musicale dynamique de la ville et a construit une carri\u00e8re bien remplie en tourn\u00e9e et en studio. Apr\u00e8s cela, elle a fond\u00e9 son propre groupe <\/span><i><span style=\"font-weight: 400;\">Laura Cortese &amp; the Dance Cards<\/span><\/i><span style=\"font-weight: 400;\">. En 2016, elle a \u00e9galement sorti un album instrumental <\/span><i><span style=\"font-weight: 400;\">All in always <\/span><\/i><span style=\"font-weight: 400;\">comprenant des collaborations avec des musiciens du Qu\u00e9bec, de Su\u00e8de et de Galice. En tant qu&#8217;enseignante, Laura a enseign\u00e9 le violon, le chant et l&#8217;ensemble \u00e0 l&#8217;Universit\u00e9 de Newcastle en Angleterre et \u00e0 l&#8217;Universit\u00e9 de Limerick en Irlande. Elle enseigne r\u00e9guli\u00e8rement des ateliers de violon, de chant et de danse dans de nombreux camps de violon aux \u00c9tats-Unis et en Europe o\u00f9 elle vit actuellement.<\/span><\/p>\n<p><b>A qui s\u2019adresse ce stage : <span style=\"font-weight: 400;\">Ouvert aux violoneuses et violoneux de niveau interm\u00e9diaire et plus. <\/span><span style=\"font-weight: 400;\">Altistes et violoncellistes sont \u00e9galement les bienvenus ! <\/span><\/b><span style=\"font-weight: 400;\"><br \/>\n<\/span><span style=\"font-weight: 400;\"><br \/>\n<\/span><b>Descriptif : <span style=\"font-weight: 400;\">Pour les violonistes qui ont toujours r\u00eav\u00e9 d\u2019essayer de jouer du violon tout en chantant. Dans cet atelier, la ma\u00eetre de stage se concentrera sur 2 ou 3 chansons du r\u00e9pertoire nord-am\u00e9ricain : des chansons des Appalaches, du Cap-Breton ou de la Nouvelle-Angleterre et du Qu\u00e9bec, des chansons traditionnelles et des compositions r\u00e9centes.\u00a0 Au programme:\u00a0 les accords de base, les fa\u00e7ons de varier les couleurs des accords et les rythmes pour chaque chanson.<\/span><\/b><\/p>\n<p><em><span style=\"font-weight: 400;\">En compl\u00e9ment au programme d\u2019enseignement de base, les stagiaires auront la possibilit\u00e9 de participer \u00e0 des activit\u00e9s grand public optionnelles lors du festival.\u00a0 Les d\u00e9tails de ces activit\u00e9s seront pr\u00e9cis\u00e9s d\u00e8s le 1<\/span><span style=\"font-weight: 400;\">er<\/span><span style=\"font-weight: 400;\"> juin. <i>Il est pr\u00e9vu que les stagiaires qui le d\u00e9sirent pourront exp\u00e9rimenter le r\u00e9pertoire acquis devant public lors d&#8217;une activit\u00e9 sp\u00e9ciale pr\u00e9sent\u00e9e dans le cadre de la programmation du festival (Aubade le dimanche en fin de matin\u00e9e).<\/i><\/span><\/em><span style=\"font-weight: 400;\"><br \/>\n<\/span> <span style=\"font-weight: 400;\"><br \/>\n<\/span><b>MAT\u00c9RIEL FOURNI :\u00a0 <\/b><span style=\"font-weight: 400;\">Les \u00e9l\u00e8ves doivent apporter un appareil d&#8217;enregistrement.<\/span><\/p>\n<p><b>LIEU :<\/b><\/p>\n<p><span style=\"font-weight: 400;\">Village Saint-Antoine-sur-Richelieu (adresse \u00e0 venir)<\/span><\/p>\n<p><b>HORAIRE :<\/b><b><br \/>\n<\/b><b><\/b><\/p>\n<p><b>Vendredi <\/b><b><br \/>\n<\/b><span style=\"font-weight: 400;\">10 h \u00e0 12 h : Atelier<\/span><span style=\"font-weight: 400;\"><br \/>\n<\/span><span style=\"font-weight: 400;\">12 h \u00e0 14 h : D\u00eener*<\/span><span style=\"font-weight: 400;\"><br \/>\n<\/span><span style=\"font-weight: 400;\">14 h \u00e0 17 h : Atelier<\/span><\/p>\n<p><em>*Selon le plan choisi.<\/em><\/p>\n<p>***<br \/>\n<em>_ENGLISH_<\/em><\/p>\n<p><strong>Program: Fiddle &amp; Singing by Laura Cortese<\/strong><\/p>\n<p><span style=\"font-weight: 400;\"><strong>Teacher&#8217;s presentation : <\/strong><\/span>Starting as a young child picking up the fiddle for the first time, Cortese has used these strings to tie herself to others, forging connections across age, genre, and identity. After a Californian childhood filled with Celtic music camps, Cortese went on to attend Berklee College of Music in Boston and formed her first band, Halali, in 2000. When graduation rolled around, the band dissipated onto their own individual paths\u2013which for Cortese meant investing in herself as a solo artist. She began to record and tour under her own name in 2004, soon followed by the start of a career as a songwriter in her own right. Solo, she reveled in the freedom to explore new collaborations as opportunities came to her. \u201cI always had the mindset of, when I meet someone and we enjoy playing together, we take advantage of that moment for however long it lasts,\u201d she says, noting that these moments always wind into and out of her own projects. Her early career explorations didn\u2019t end with performance though. Cortese also adopted the philosophy of learning by teaching, co-founding a music camp from which to grow community and artistry. Alongside Shannon Heaton, Cortese co-founded the Boston Celtic Music Festival in 2003, which she describes as \u201ckind of a thank you to the community that had nurtured me and that I grew up in.\u201d To this day, this festival celebrates and uplifts the deep Celtic folk music traditions that exist within Boston\u2019s music scene, honoring the shared repertoire and musical vocabulary of the artists that perform and jam there. Conversely, in 2011, she partnered with Kristin Andreassen to found Miles of Music Camp, which brings together repertoire-based folk musicians with contemporary songwriters.<\/p>\n<p><strong>Who is this workshop for:<\/strong> Open to intermediate and advanced fiddlers. <span style=\"font-weight: 400;\">Viola\u2019s and cellos are also welcome! <\/span><\/p>\n<p><span style=\"font-weight: 400;\"><strong>Description: <\/strong>For fiddlers who always wanted to try fiddling and singing at the same time. In this workshop, we zoom in on 2 or 3 songs from the North American repertoire: songs from the Appalachian Mountains, Cape Breton or New England and from Qu\u00e9bec\u2026 traditional ones and newly composed ones.\u00a0 We will learn the basic chords, ways to vary the chord colors and several grooves for each song.<\/span><\/p>\n<p><em>In addition to the core curriculum, participants will have the opportunity to participate in optional public activities during the festival. Details of these activities will be announced on June 1st.\u00a0<\/em><\/p>\n<p><strong>Learning material:<span style=\"font-weight: 400;\"> Student should bring their instrument and something to record.<\/span><\/strong><\/p>\n<p><strong>Location<\/strong><strong>:<\/strong> Village of Saint-Antoine-sur-Richelieu, Qu\u00e9bec (address to be announced)<\/p>\n<p><strong>SCHEDULE :<\/strong><\/p>\n<p><strong>Friday<\/strong><br \/>\n10:00 a.m. to 12:00 p.m.: Workshop<br \/>\n12:00 p.m. to 2:00 p.m.: Lunch*<br \/>\n2:00 p.m. to 5:00 p.m.: Workshop<\/p>\n<p><em>*Depends of choosen options<\/em><\/p>\n","protected":false},"featured_media":3747,"template":"","categories":[],"class_list":["post-3710","stage","type-stage","status-publish","has-post-thumbnail","hentry"],"acf":[],"_links":{"self":[{"href":"https:\/\/chantsdevielles.com\/en\/wp-json\/wp\/v2\/stage\/3710","targetHints":{"allow":["GET"]}}],"collection":[{"href":"https:\/\/chantsdevielles.com\/en\/wp-json\/wp\/v2\/stage"}],"about":[{"href":"https:\/\/chantsdevielles.com\/en\/wp-json\/wp\/v2\/types\/stage"}],"wp:featuredmedia":[{"embeddable":true,"href":"https:\/\/chantsdevielles.com\/en\/wp-json\/wp\/v2\/media\/3747"}],"wp:attachment":[{"href":"https:\/\/chantsdevielles.com\/en\/wp-json\/wp\/v2\/media?parent=3710"}],"wp:term":[{"taxonomy":"category","embeddable":true,"href":"https:\/\/chantsdevielles.com\/en\/wp-json\/wp\/v2\/categories?post=3710"}],"curies":[{"name":"wp","href":"https:\/\/api.w.org\/{rel}","templated":true}]}}

<p><em>_English version below_</em></p>
<p><b>Présentation de l’enseignante : </b><span style="font-weight: 400;">Laura Cortese porte plusieurs casquettes : violoniste, chanteuse, compositrice et organisatrice. Elle a grandi à San Francisco, en Californie, et a déménagé à Boston, dans le Massachusetts, pour étudier au Berklee College of Music de Boston. Après avoir obtenu son diplôme, elle a fondé le </span><i><span style="font-weight: 400;">Miles of Music Camp</span></i><span style="font-weight: 400;"> et le </span><i><span style="font-weight: 400;">BCMfest:  Boston’s Celtic Music Festival</span></i><span style="font-weight: 400;">. Elle s&#8217;est immergée dans la scène musicale dynamique de la ville et a construit une carrière bien remplie en tournée et en studio. Après cela, elle a fondé son propre groupe </span><i><span style="font-weight: 400;">Laura Cortese &amp; the Dance Cards</span></i><span style="font-weight: 400;">. En 2016, elle a également sorti un album instrumental </span><i><span style="font-weight: 400;">All in always </span></i><span style="font-weight: 400;">comprenant des collaborations avec des musiciens du Québec, de Suède et de Galice. En tant qu&#8217;enseignante, Laura a enseigné le violon, le chant et l&#8217;ensemble à l&#8217;Université de Newcastle en Angleterre et à l&#8217;Université de Limerick en Irlande. Elle enseigne régulièrement des ateliers de violon, de chant et de danse dans de nombreux camps de violon aux États-Unis et en Europe où elle vit actuellement.</span></p>
<p><b>A qui s’adresse ce stage : <span style="font-weight: 400;">Ouvert aux violoneuses et violoneux de niveau intermédiaire et plus. </span><span style="font-weight: 400;">Altistes et violoncellistes sont également les bienvenus ! </span></b><span style="font-weight: 400;"><br />
</span><span style="font-weight: 400;"><br />
</span><b>Descriptif : <span style="font-weight: 400;">Pour les violonistes qui ont toujours rêvé d’essayer de jouer du violon tout en chantant. Dans cet atelier, la maître de stage se concentrera sur 2 ou 3 chansons du répertoire nord-américain : des chansons des Appalaches, du Cap-Breton ou de la Nouvelle-Angleterre et du Québec, des chansons traditionnelles et des compositions récentes.  Au programme:  les accords de base, les façons de varier les couleurs des accords et les rythmes pour chaque chanson.</span></b></p>
<p><em><span style="font-weight: 400;">En complément au programme d’enseignement de base, les stagiaires auront la possibilité de participer à des activités grand public optionnelles lors du festival.  Les détails de ces activités seront précisés dès le 1</span><span style="font-weight: 400;">er</span><span style="font-weight: 400;"> juin. <i>Il est prévu que les stagiaires qui le désirent pourront expérimenter le répertoire acquis devant public lors d&#8217;une activité spéciale présentée dans le cadre de la programmation du festival (Aubade le dimanche en fin de matinée).</i></span></em><span style="font-weight: 400;"><br />
</span> <span style="font-weight: 400;"><br />
</span><b>MATÉRIEL FOURNI :  </b><span style="font-weight: 400;">Les élèves doivent apporter un appareil d&#8217;enregistrement.</span></p>
<p><b>LIEU :</b></p>
<p><span style="font-weight: 400;">Village Saint-Antoine-sur-Richelieu (adresse à venir)</span></p>
<p><b>HORAIRE :</b><b><br />
</b><b></b></p>
<p><b>Vendredi </b><b><br />
</b><span style="font-weight: 400;">10 h à 12 h : Atelier</span><span style="font-weight: 400;"><br />
</span><span style="font-weight: 400;">12 h à 14 h : Dîner*</span><span style="font-weight: 400;"><br />
</span><span style="font-weight: 400;">14 h à 17 h : Atelier</span></p>
<p><em>*Selon le plan choisi.</em></p>
<p>***<br />
<em>_ENGLISH_</em></p>
<p><strong>Program: Fiddle &amp; Singing by Laura Cortese</strong></p>
<p><span style="font-weight: 400;"><strong>Teacher&#8217;s presentation : </strong></span>Starting as a young child picking up the fiddle for the first time, Cortese has used these strings to tie herself to others, forging connections across age, genre, and identity. After a Californian childhood filled with Celtic music camps, Cortese went on to attend Berklee College of Music in Boston and formed her first band, Halali, in 2000. When graduation rolled around, the band dissipated onto their own individual paths–which for Cortese meant investing in herself as a solo artist. She began to record and tour under her own name in 2004, soon followed by the start of a career as a songwriter in her own right. Solo, she reveled in the freedom to explore new collaborations as opportunities came to her. “I always had the mindset of, when I meet someone and we enjoy playing together, we take advantage of that moment for however long it lasts,” she says, noting that these moments always wind into and out of her own projects. Her early career explorations didn’t end with performance though. Cortese also adopted the philosophy of learning by teaching, co-founding a music camp from which to grow community and artistry. Alongside Shannon Heaton, Cortese co-founded the Boston Celtic Music Festival in 2003, which she describes as “kind of a thank you to the community that had nurtured me and that I grew up in.” To this day, this festival celebrates and uplifts the deep Celtic folk music traditions that exist within Boston’s music scene, honoring the shared repertoire and musical vocabulary of the artists that perform and jam there. Conversely, in 2011, she partnered with Kristin Andreassen to found Miles of Music Camp, which brings together repertoire-based folk musicians with contemporary songwriters.</p>
<p><strong>Who is this workshop for:</strong> Open to intermediate and advanced fiddlers. <span style="font-weight: 400;">Viola’s and cellos are also welcome! </span></p>
<p><span style="font-weight: 400;"><strong>Description: </strong>For fiddlers who always wanted to try fiddling and singing at the same time. In this workshop, we zoom in on 2 or 3 songs from the North American repertoire: songs from the Appalachian Mountains, Cape Breton or New England and from Québec… traditional ones and newly composed ones.  We will learn the basic chords, ways to vary the chord colors and several grooves for each song.</span></p>
<p><em>In addition to the core curriculum, participants will have the opportunity to participate in optional public activities during the festival. Details of these activities will be announced on June 1st. </em></p>
<p><strong>Learning material:<span style="font-weight: 400;"> Student should bring their instrument and something to record.</span></strong></p>
<p><strong>Location</strong><strong>:</strong> Village of Saint-Antoine-sur-Richelieu, Québec (address to be announced)</p>
<p><strong>SCHEDULE :</strong></p>
<p><strong>Friday</strong><br />
10:00 a.m. to 12:00 p.m.: Workshop<br />
12:00 p.m. to 2:00 p.m.: Lunch*<br />
2:00 p.m. to 5:00 p.m.: Workshop</p>
<p><em>*Depends of choosen options</em></p>
