{"id":3711,"date":"2026-03-31T21:31:11","date_gmt":"2026-04-01T01:31:11","guid":{"rendered":"https:\/\/chantsdevielles.com\/?post_type=stage&#038;p=3711"},"modified":"2026-03-31T21:31:11","modified_gmt":"2026-04-01T01:31:11","slug":"7-danse-mazurka-traditionnelle-et-neo-traditionnelle-avec-laurent-mandrile","status":"publish","type":"stage","link":"https:\/\/chantsdevielles.com\/en\/stage\/7-danse-mazurka-traditionnelle-et-neo-traditionnelle-avec-laurent-mandrile\/","title":{"rendered":"#7 &#8211; DANSE : Mazurka traditionnelle et n\u00e9o-traditionnelle avec Laurent Mandrile"},"content":{"rendered":"<p><b>Pr\u00e9sentation de l&#8217;enseignant : <\/b><b> <span style=\"font-weight: 400;\">Laurent Mandrile a couru les ateliers et festivals de danse traditionnelle en Europe avant de fonder Balfolk Sherbrooke, un des organismes les plus actifs de danse traditionnelle d\u2019Europe en Am\u00e9rique du Nord. Il est aussi le co-organisateur du Grand Bal du Qu\u00e9bec, premier festival de Balfolk au Qu\u00e9bec. Il offre une multitude d&#8217;ateliers sp\u00e9cialis\u00e9s de danses traditionnelles europ\u00e9ennes. <\/span><\/b><\/p>\n<p><b>Descriptif : <span style=\"font-weight: 400;\">Lors de cet atelier, la l\u00e9gendaire Mazurka, danse en duo phare du Balfolk, vous sera transmise. L&#8217;approche se fera en deux parties: la forme traditionnelle vous sera tout d&#8217;abord enseign\u00e9e (commune en Auvergne, Gascogne et Bretagne entre autre), puis ce sera le tour de la variante dite &#8220;n\u00e9o-trad&#8221; de la danse, caract\u00e9ris\u00e9e par son rapport au plancher diff\u00e9rent et son rythme plus lent.<\/span><\/b><\/p>\n<p><b>\u00c0 qui s&#8217;adresse ce stage:\u00a0 <span style=\"font-weight: 400;\">Le stage s&#8217;adresse \u00e0 un public de tout niveau, accompagn\u00e9 ou non. Les d\u00e9butants pourront \u00eatre assur\u00e9s d&#8217;avoir une base solide de la danse, alors que des \u00e9l\u00e9ments d&#8217;am\u00e9liorations seront communiqu\u00e9s aux interm\u00e9diaires et avanc\u00e9s pour qu&#8217;ils puissent approfondir leurs connaissances.<\/span><\/b><\/p>\n<p><b>LIEU : <\/b><span style=\"font-weight: 400;\">Village Saint-Antoine-sur-Richelieu (adresse \u00e0 venir)<\/span><\/p>\n<p><b>HORAIRE :\u00a0<\/b><\/p>\n<p><strong>Vendredi<br \/>\n<\/strong><span style=\"font-weight: 400;\">14 h 30 &#8211; 14h 45 : Accueil des participantes.s<br \/>\n15 h 00 &#8211; 17 h 00 : Stage<\/span><\/p>\n","protected":false},"featured_media":3756,"template":"","categories":[],"class_list":["post-3711","stage","type-stage","status-publish","has-post-thumbnail","hentry"],"acf":[],"_links":{"self":[{"href":"https:\/\/chantsdevielles.com\/en\/wp-json\/wp\/v2\/stage\/3711","targetHints":{"allow":["GET"]}}],"collection":[{"href":"https:\/\/chantsdevielles.com\/en\/wp-json\/wp\/v2\/stage"}],"about":[{"href":"https:\/\/chantsdevielles.com\/en\/wp-json\/wp\/v2\/types\/stage"}],"wp:featuredmedia":[{"embeddable":true,"href":"https:\/\/chantsdevielles.com\/en\/wp-json\/wp\/v2\/media\/3756"}],"wp:attachment":[{"href":"https:\/\/chantsdevielles.com\/en\/wp-json\/wp\/v2\/media?parent=3711"}],"wp:term":[{"taxonomy":"category","embeddable":true,"href":"https:\/\/chantsdevielles.com\/en\/wp-json\/wp\/v2\/categories?post=3711"}],"curies":[{"name":"wp","href":"https:\/\/api.w.org\/{rel}","templated":true}]}}

#7 &#8211; DANSE : Mazurka traditionnelle et néo-traditionnelle avec Laurent Mandrile

<p><b>Présentation de l&#8217;enseignant : </b><b> <span style="font-weight: 400;">Laurent Mandrile a couru les ateliers et festivals de danse traditionnelle en Europe avant de fonder Balfolk Sherbrooke, un des organismes les plus actifs de danse traditionnelle d’Europe en Amérique du Nord. Il est aussi le co-organisateur du Grand Bal du Québec, premier festival de Balfolk au Québec. Il offre une multitude d&#8217;ateliers spécialisés de danses traditionnelles européennes. </span></b></p>
<p><b>Descriptif : <span style="font-weight: 400;">Lors de cet atelier, la légendaire Mazurka, danse en duo phare du Balfolk, vous sera transmise. L&#8217;approche se fera en deux parties: la forme traditionnelle vous sera tout d&#8217;abord enseignée (commune en Auvergne, Gascogne et Bretagne entre autre), puis ce sera le tour de la variante dite &#8220;néo-trad&#8221; de la danse, caractérisée par son rapport au plancher différent et son rythme plus lent.</span></b></p>
<p><b>À qui s&#8217;adresse ce stage:  <span style="font-weight: 400;">Le stage s&#8217;adresse à un public de tout niveau, accompagné ou non. Les débutants pourront être assurés d&#8217;avoir une base solide de la danse, alors que des éléments d&#8217;améliorations seront communiqués aux intermédiaires et avancés pour qu&#8217;ils puissent approfondir leurs connaissances.</span></b></p>
<p><b>LIEU : </b><span style="font-weight: 400;">Village Saint-Antoine-sur-Richelieu (adresse à venir)</span></p>
<p><b>HORAIRE : </b></p>
<p><strong>Vendredi<br />
</strong><span style="font-weight: 400;">14 h 30 &#8211; 14h 45 : Accueil des participantes.s<br />
15 h 00 &#8211; 17 h 00 : Stage</span></p>
