{"id":3752,"date":"2026-03-31T21:34:44","date_gmt":"2026-04-01T01:34:44","guid":{"rendered":"https:\/\/chantsdevielles.com\/?post_type=stage&#038;p=3752"},"modified":"2026-03-31T21:34:44","modified_gmt":"2026-04-01T01:34:44","slug":"9-musique-traditionnelle-old-time-des-regions-des-appalaches-et-du-midwest-jouee-pour-violons-et-guitares-avec-nadine-landry-et-sammy-lind","status":"publish","type":"stage","link":"https:\/\/chantsdevielles.com\/en\/stage\/9-musique-traditionnelle-old-time-des-regions-des-appalaches-et-du-midwest-jouee-pour-violons-et-guitares-avec-nadine-landry-et-sammy-lind\/","title":{"rendered":"# 9 &#8211; Musique traditionnelle Old-Time des r\u00e9gions des Appalaches et du Midwest jou\u00e9e pour violons et guitares. Avec Nadine Landry et Sammy Lind"},"content":{"rendered":"<p><strong>Pr\u00e9sentation des enseignants :\u00a0<\/strong><span style=\"font-weight: 400;\">Originaire du Minnesota, <strong>Sammy Lind<\/strong> s&#8217;est vite fait une place au sein de la communaut\u00e9 comme l&#8217;un des violoneux old-time les plus acclam\u00e9s de sa g\u00e9n\u00e9ration. Cofondateur du Foghorn Stringband, il a parcouru le monde, partageant son amour pour les airs traditionnels des Appalaches et du Midwest \u00e0 travers sa musique envo\u00fbtante et ses ateliers captivants. Son jeu est le reflet d&#8217;un respect profond et d&#8217;une passion inimitable pour les violoneux old-time l\u00e9gendaires et les vieux enregistrements qui ont fa\u00e7onn\u00e9 son art, qu&#8217;il a \u00e9tudi\u00e9s avec d\u00e9votion pendant des heures innombrables. <\/span><span style=\"font-weight: 400;\"><strong>Nadine Landry<\/strong> a grandi dans une famille musicale en Gasp\u00e9sie. Elle a consacr\u00e9 plus de 20 ans de sa vie \u00e0 la musique traditionnelle, interpr\u00e9tant des airs old-time et cajun\u00a0aussi \u00e0 l&#8217;aise \u00e0 la guitare qu&#8217;\u00e0 la contrebasse. Son jeu est \u00e9nergique, sa voix puissante et sa bonne humeur contagieuse. Quand elle n\u2019est pas sur la route avec Foghorn Stringband, Cajun Country Revival ou en duo avec Sammy Lind, vous la retrouverez s\u00fbrement en train de s\u2019affairer \u00e0 sa seconde passion, cuisiner!\u00a0<\/span><\/p>\n<p><strong>A qui s&#8217;adresse ce stage: <span style=\"font-weight: 400;\">Cet atelier est ouvert aux joueurs de violon et guitare.\u00a0<\/span><\/strong><\/p>\n<p><strong>Descriptif <\/strong><span style=\"font-weight: 400;\"><strong>: <\/strong><\/span><span style=\"font-weight: 400;\">Nadine et Sammy vont se rassembler au d\u00e9but de l&#8217;atelier avec les participants et jouer les pi\u00e8ces qui\u00a0seront enseign\u00e9es pendant la session. Un bref historique sera donn\u00e9 sur l&#8217;origine des m\u00e9lodies et sur le\u00a0style de musique old-time.\u00a0Deux groupes seront ensuite form\u00e9s; violon et\u00a0guitare. Les participants passeront la moiti\u00e9 du temps allou\u00e9 \u00e0 apprendre les m\u00e9lodies au violon et\u00a0la mani\u00e8re de les accompagner \u00e0 la guitare. La derni\u00e8re partie de l&#8217;atelier consistera \u00e0 regrouper les 2\u00a0ensembles pour interpr\u00e9ter les m\u00e9lodies apprises dans un environnement calme, positif et\u00a0encourageant.\u00a0<\/span><\/p>\n<p><span style=\"font-weight: 400;\">L&#8217;atelier de violon, anim\u00e9 par Sammy Lind, consistera \u00e0 apprendre les m\u00e9lodies \u00e0 l&#8217;oreille en les d\u00e9cortiquant ligne par ligne, avec une emphase sur la direction de l&#8217;archet. Diff\u00e9rentes mani\u00e8res d&#8217;accorder le violon seront aussi utilis\u00e9es.<\/span><\/p>\n<p><i><span style=\"font-weight: 400;\">En compl\u00e9ment au programme d\u2019enseignement de base, les stagiaires auront la possibilit\u00e9 de participer \u00e0 des activit\u00e9s grand public optionnelles lors du festival.\u00a0 Il est pr\u00e9vu que les stagiaires qui le d\u00e9sirent pourront exp\u00e9rimenter le r\u00e9pertoire acquis devant public lors d&#8217;une activit\u00e9 sp\u00e9ciale pr\u00e9sent\u00e9e dans le cadre de la programmation du festival (Concert-Aubade le dimanche). Tous les d\u00e9tails \u00e0 venir \u00e0 partir du 1er juin.<\/span><\/i><\/p>\n<p><strong>MAT\u00c9RIEL <\/strong><span style=\"font-weight: 400;\"><strong>:\u00a0<\/strong> L&#8217;atelier de guitare fournira des outils pour accompagner les m\u00e9lodies du violon avec un emphase sur le\u00a0rythme \u201cboom-chuck\u201d qui caract\u00e9rise la musique old-time.\u00a0\u00a0En jouant des accords simples Nadine ajoutera des lignes de basse sans compromettre le rythme.\u00a0Les participants sont encourag\u00e9s \u00e0 apporter un capo.<\/span><span style=\"font-weight: 400;\"><br \/>\n<\/span><\/p>\n<p><strong>LIEU : <\/strong><span style=\"font-weight: 400;\">Village Saint-Antoine-sur-Richelieu (adresse \u00e0 venir)<\/span><\/p>\n<p><b>HORAIRE :<\/b><b><br \/>\n<\/b><\/p>\n<p><strong>Vendredi 03 juillet<br \/>\n<\/strong><span style=\"font-weight: 400;\">10 h \u00e0 12 h : Atelier<\/span><br \/>\n<span style=\"font-weight: 400;\">12 h \u00e0 14 h : D\u00eener* <\/span><span style=\"font-weight: 400;\"><br \/>\n<\/span><span style=\"font-weight: 400;\">14 h \u00e0 17 h : Atelier<\/span><\/p>\n<p>*Selon les options choisies.<\/p>\n","protected":false},"featured_media":3762,"template":"","categories":[],"class_list":["post-3752","stage","type-stage","status-publish","has-post-thumbnail","hentry"],"acf":[],"_links":{"self":[{"href":"https:\/\/chantsdevielles.com\/en\/wp-json\/wp\/v2\/stage\/3752","targetHints":{"allow":["GET"]}}],"collection":[{"href":"https:\/\/chantsdevielles.com\/en\/wp-json\/wp\/v2\/stage"}],"about":[{"href":"https:\/\/chantsdevielles.com\/en\/wp-json\/wp\/v2\/types\/stage"}],"wp:featuredmedia":[{"embeddable":true,"href":"https:\/\/chantsdevielles.com\/en\/wp-json\/wp\/v2\/media\/3762"}],"wp:attachment":[{"href":"https:\/\/chantsdevielles.com\/en\/wp-json\/wp\/v2\/media?parent=3752"}],"wp:term":[{"taxonomy":"category","embeddable":true,"href":"https:\/\/chantsdevielles.com\/en\/wp-json\/wp\/v2\/categories?post=3752"}],"curies":[{"name":"wp","href":"https:\/\/api.w.org\/{rel}","templated":true}]}}

# 9 &#8211; Musique traditionnelle Old-Time des régions des Appalaches et du Midwest jouée pour violons et guitares. Avec Nadine Landry et Sammy Lind

<p><strong>Présentation des enseignants : </strong><span style="font-weight: 400;">Originaire du Minnesota, <strong>Sammy Lind</strong> s&#8217;est vite fait une place au sein de la communauté comme l&#8217;un des violoneux old-time les plus acclamés de sa génération. Cofondateur du Foghorn Stringband, il a parcouru le monde, partageant son amour pour les airs traditionnels des Appalaches et du Midwest à travers sa musique envoûtante et ses ateliers captivants. Son jeu est le reflet d&#8217;un respect profond et d&#8217;une passion inimitable pour les violoneux old-time légendaires et les vieux enregistrements qui ont façonné son art, qu&#8217;il a étudiés avec dévotion pendant des heures innombrables. </span><span style="font-weight: 400;"><strong>Nadine Landry</strong> a grandi dans une famille musicale en Gaspésie. Elle a consacré plus de 20 ans de sa vie à la musique traditionnelle, interprétant des airs old-time et cajun aussi à l&#8217;aise à la guitare qu&#8217;à la contrebasse. Son jeu est énergique, sa voix puissante et sa bonne humeur contagieuse. Quand elle n’est pas sur la route avec Foghorn Stringband, Cajun Country Revival ou en duo avec Sammy Lind, vous la retrouverez sûrement en train de s’affairer à sa seconde passion, cuisiner! </span></p>
<p><strong>A qui s&#8217;adresse ce stage: <span style="font-weight: 400;">Cet atelier est ouvert aux joueurs de violon et guitare. </span></strong></p>
<p><strong>Descriptif </strong><span style="font-weight: 400;"><strong>: </strong></span><span style="font-weight: 400;">Nadine et Sammy vont se rassembler au début de l&#8217;atelier avec les participants et jouer les pièces qui seront enseignées pendant la session. Un bref historique sera donné sur l&#8217;origine des mélodies et sur le style de musique old-time. Deux groupes seront ensuite formés; violon et guitare. Les participants passeront la moitié du temps alloué à apprendre les mélodies au violon et la manière de les accompagner à la guitare. La dernière partie de l&#8217;atelier consistera à regrouper les 2 ensembles pour interpréter les mélodies apprises dans un environnement calme, positif et encourageant. </span></p>
<p><span style="font-weight: 400;">L&#8217;atelier de violon, animé par Sammy Lind, consistera à apprendre les mélodies à l&#8217;oreille en les décortiquant ligne par ligne, avec une emphase sur la direction de l&#8217;archet. Différentes manières d&#8217;accorder le violon seront aussi utilisées.</span></p>
<p><i><span style="font-weight: 400;">En complément au programme d’enseignement de base, les stagiaires auront la possibilité de participer à des activités grand public optionnelles lors du festival.  Il est prévu que les stagiaires qui le désirent pourront expérimenter le répertoire acquis devant public lors d&#8217;une activité spéciale présentée dans le cadre de la programmation du festival (Concert-Aubade le dimanche). Tous les détails à venir à partir du 1er juin.</span></i></p>
<p><strong>MATÉRIEL </strong><span style="font-weight: 400;"><strong>: </strong> L&#8217;atelier de guitare fournira des outils pour accompagner les mélodies du violon avec un emphase sur le rythme “boom-chuck” qui caractérise la musique old-time.  En jouant des accords simples Nadine ajoutera des lignes de basse sans compromettre le rythme. Les participants sont encouragés à apporter un capo.</span><span style="font-weight: 400;"><br />
</span></p>
<p><strong>LIEU : </strong><span style="font-weight: 400;">Village Saint-Antoine-sur-Richelieu (adresse à venir)</span></p>
<p><b>HORAIRE :</b><b><br />
</b></p>
<p><strong>Vendredi 03 juillet<br />
</strong><span style="font-weight: 400;">10 h à 12 h : Atelier</span><br />
<span style="font-weight: 400;">12 h à 14 h : Dîner* </span><span style="font-weight: 400;"><br />
</span><span style="font-weight: 400;">14 h à 17 h : Atelier</span></p>
<p>*Selon les options choisies.</p>
